{"id":793,"date":"2025-08-05T23:48:38","date_gmt":"2025-08-05T20:48:38","guid":{"rendered":"https:\/\/bisaselektrik.com\/?page_id=793"},"modified":"2025-08-05T23:48:38","modified_gmt":"2025-08-05T20:48:38","slug":"bk-0421-poliuretan-dokum-recinesi","status":"publish","type":"page","link":"https:\/\/bisaselektrik.com\/index.php\/bk-0421-poliuretan-dokum-recinesi\/","title":{"rendered":"BK-0421 Poli\u00fcretan D\u00f6k\u00fcm Re\u00e7inesi"},"content":{"rendered":"\n<!DOCTYPE html>\n<html lang=\"tr\">\n<head>\n  <meta charset=\"UTF-8\" \/>\n  <meta name=\"viewport\" content=\"width=device-width, initial-scale=1\" \/>\n  <style>\n    body {\n      margin: 0;\n      font-family: Arial, sans-serif;\n    }\n\n    .urun-container {\n      max-width: 900px;\n      margin: 40px auto;\n      font-size: 14px;\n      border: 1px solid #ccc;\n      padding: 15px;\n      box-sizing: border-box;\n    }\n\n    .urun-gorsel {\n      width: 100%;\n      max-width: 300px;\n      height: auto;\n      display: block;\n      margin-bottom: 15px;\n      border: 1px solid #ccc;\n      cursor: pointer;\n      transition: 0.3s;\n    }\n\n    .urun-gorsel:hover {\n      opacity: 0.85;\n    }\n\n    .urun-tablo {\n      width: 100%;\n      border-collapse: collapse;\n    }\n\n    .urun-tablo th,\n    .urun-tablo td {\n      border: 1px solid #aaa;\n      padding: 8px;\n      text-align: left;\n    }\n\n    .urun-tablo th {\n      background-color: #f5f5f5;\n      font-weight: bold;\n      width: 30%;\n    }\n\n    .lightbox {\n      display: none;\n      position: fixed;\n      z-index: 1000;\n      top: 0;\n      left: 0;\n      width: 100%;\n      height: 100%;\n      background: rgba(0, 0, 0, 0.85);\n      align-items: center;\n      justify-content: center;\n    }\n\n    .lightbox img {\n      max-width: 90%;\n      max-height: 90%;\n      border: 4px solid white;\n      box-shadow: 0 0 10px black;\n    }\n\n    @media (max-width: 600px) {\n      .urun-container {\n        padding: 10px;\n      }\n\n      .urun-tablo th,\n      .urun-tablo td {\n        display: block;\n        width: 100%;\n      }\n\n      .urun-tablo th {\n        background-color: #f0f0f0;\n      }\n    }\n  <\/style>\n<\/head>\n<body>\n\n<div class=\"urun-container\">\n  <img decoding=\"async\" src=\"https:\/\/bisaselektrik.com\/wp-content\/uploads\/2025\/08\/bk-0421-poliuretan-recine.png\" alt=\"BK 0421 Poli\u00fcretan Re\u00e7ine\" class=\"urun-gorsel\" id=\"resimKucuk\">\n\n  <table class=\"urun-tablo\">\n    <tr><th colspan=\"2\">Teknik \u00d6zellikler<\/th><\/tr>\n    <tr><th>Stok Kodu<\/th><td>BK 0421<\/td><\/tr>\n    <tr><th>B Kompenenti<\/th><td>\u015eeffaf Kahverengi, 267 mPas (25\u00b0C), 1.08 gr\/cm\u00b3<\/td><\/tr>\n    <tr><th>A Kompenenti<\/th><td>K\u0131rm\u0131z\u0131 Oksit, 950 mPas (25\u00b0C), 1.52 gr\/cm\u00b3<\/td><\/tr>\n    <tr><th>Kar\u0131\u015f\u0131m Oran\u0131<\/th><td>A : 4 &#8211; B : 1 (a\u011f\u0131rl\u0131k\u00e7a)<\/td><\/tr>\n    <tr><th>Dansite<\/th><td>1.46 gr\/cm\u00b3<\/td><\/tr>\n    <tr><th>Kullanma S\u00fcresi<\/th><td>20\u201330 dakika<\/td><\/tr>\n    <tr><th>Shore D Sertli\u011fi<\/th><td>82\u201386<\/td><\/tr>\n    <tr><th>Dielektrik Katsay\u0131s\u0131<\/th><td>3.5 (VDE 0303\/4)<\/td><\/tr>\n    <tr><th>Yanmazl\u0131k \u00d6zelli\u011fi<\/th><td>(UL &#8211; 94) Vo test standard\u0131na uygun<\/td><\/tr>\n    <tr><th>Is\u0131 Dayan\u0131m\u0131<\/th><td>130\u00b0C<\/td><\/tr>\n    <tr><th>Kullan\u0131m Alanlar\u0131<\/th>\n      <td>\n        Elektronik: devre d\u00f6k\u00fcmleri, PCB, transformat\u00f6rler<br>\n        Otomotiv: ak\u0131m y\u00fckselticiler, distrib\u00fct\u00f6r kapa\u011f\u0131<br>\n        D\u00fc\u015f\u00fck gerilim: kapasit\u00f6r, r\u00f6le, trafo<br>\n        Orta gerilim: transd\u00fcser, insulat\u00f6r<br>\n        Y\u00fcksek frekans: filtre, t\u00fcp<br>\n        Kontrol: transmiter, komponent d\u00f6k\u00fcmleri\n      <\/td>\n    <\/tr>\n    <tr><th>Ambalaj<\/th><td>Ana Malzeme: 0.800 kg + Sertle\u015ftirici: 0.200 kg = 1 kg (5\u2019lik set)<\/td><\/tr>\n    <tr><th>Depolama<\/th><td>20\u00b0C\u2019de, orijinal ambalaj\u0131nda 12 ay. Uzun beklemede kar\u0131\u015ft\u0131r\u0131lmal\u0131.<\/td><\/tr>\n    <tr><th>Uygulama<\/th>\n      <td>\n        Y\u00fczey temizlenmeli. Kompenentler d\u00fc\u015f\u00fck devirli matkapla homojen kar\u0131\u015ft\u0131r\u0131lmal\u0131. Hava kabarc\u0131\u011f\u0131 olu\u015fmamas\u0131 i\u00e7in kar\u0131\u015ft\u0131rma ucu malzeme i\u00e7inde \u00e7al\u0131\u015ft\u0131r\u0131lmal\u0131. Malzeme \u0131s\u0131t\u0131l\u0131rsa ak\u0131c\u0131l\u0131k ve k\u00fcr s\u00fcresi h\u0131zlan\u0131r. S\u00fcre i\u00e7inde t\u00fcketilmeli.\n      <\/td>\n    <\/tr>\n  <\/table>\n<\/div>\n\n<!-- Lightbox -->\n<div class=\"lightbox\" id=\"lightbox\">\n  <img decoding=\"async\" src=\"https:\/\/bisaselektrik.com\/wp-content\/uploads\/2025\/08\/bk-0421-poliuretan-recine.png\" alt=\"BK 0421 Poli\u00fcretan Re\u00e7ine - B\u00fcy\u00fck G\u00f6rsel\">\n<\/div>\n\n<script>\n  const lightbox = document.getElementById(\"lightbox\");\n  const resimKucuk = document.getElementById(\"resimKucuk\");\n\n  resimKucuk.addEventListener(\"click\", () => {\n    lightbox.style.display = \"flex\";\n  });\n\n  lightbox.addEventListener(\"click\", (e) => {\n    if (e.target === lightbox) {\n      lightbox.style.display = \"none\";\n    }\n  });\n<\/script>\n\n<\/body>\n<\/html>\n\n","protected":false},"excerpt":{"rendered":"<p>Teknik \u00d6zellikler Stok Kodu BK 0421 B Kompenenti \u015eeffaf Kahverengi, 267 mPas (25\u00b0C), 1.08 gr\/cm\u00b3 A Kompenenti K\u0131rm\u0131z\u0131 Oksit, 950 mPas (25\u00b0C), 1.52 gr\/cm\u00b3 Kar\u0131\u015f\u0131m Oran\u0131 A : 4 &#8211; B : 1 (a\u011f\u0131rl\u0131k\u00e7a) Dansite 1.46 gr\/cm\u00b3 Kullanma S\u00fcresi 20\u201330 dakika Shore D Sertli\u011fi 82\u201386 Dielektrik Katsay\u0131s\u0131 3.5 (VDE 0303\/4) Yanmazl\u0131k \u00d6zelli\u011fi (UL &#8211; 94)&hellip;<\/p>\n","protected":false},"author":1,"featured_media":0,"parent":0,"menu_order":0,"comment_status":"closed","ping_status":"closed","template":"","meta":{"footnotes":""},"class_list":["post-793","page","type-page","status-publish","hentry"],"_links":{"self":[{"href":"https:\/\/bisaselektrik.com\/index.php\/wp-json\/wp\/v2\/pages\/793","targetHints":{"allow":["GET"]}}],"collection":[{"href":"https:\/\/bisaselektrik.com\/index.php\/wp-json\/wp\/v2\/pages"}],"about":[{"href":"https:\/\/bisaselektrik.com\/index.php\/wp-json\/wp\/v2\/types\/page"}],"author":[{"embeddable":true,"href":"https:\/\/bisaselektrik.com\/index.php\/wp-json\/wp\/v2\/users\/1"}],"replies":[{"embeddable":true,"href":"https:\/\/bisaselektrik.com\/index.php\/wp-json\/wp\/v2\/comments?post=793"}],"version-history":[{"count":1,"href":"https:\/\/bisaselektrik.com\/index.php\/wp-json\/wp\/v2\/pages\/793\/revisions"}],"predecessor-version":[{"id":794,"href":"https:\/\/bisaselektrik.com\/index.php\/wp-json\/wp\/v2\/pages\/793\/revisions\/794"}],"wp:attachment":[{"href":"https:\/\/bisaselektrik.com\/index.php\/wp-json\/wp\/v2\/media?parent=793"}],"curies":[{"name":"wp","href":"https:\/\/api.w.org\/{rel}","templated":true}]}}