{"id":117,"date":"2025-07-10T18:16:52","date_gmt":"2025-07-10T15:16:52","guid":{"rendered":"https:\/\/bisaselektrik.com\/?page_id=117"},"modified":"2025-08-17T18:51:20","modified_gmt":"2025-08-17T15:51:20","slug":"levhalar-ve-plakalar","status":"publish","type":"page","link":"https:\/\/bisaselektrik.com\/index.php\/levhalar-ve-plakalar\/","title":{"rendered":"Levhalar ve Plakalar"},"content":{"rendered":"\n<div class=\"wp-block-columns is-layout-flex wp-container-core-columns-is-layout-9d6595d7 wp-block-columns-is-layout-flex\">\n<div class=\"wp-block-column is-layout-flow wp-block-column-is-layout-flow\">\n<div class=\"ozel-bisas-container\">\n  <div class=\"ozel-bisas-kart\" onclick=\"window.location.href='https:\/\/bisaselektrik.com\/index.php\/epoxy-boru-2\/'\">\n    <a href=\"https:\/\/bisaselektrik.com\/index.php\/epoxy-boru-2\/\" class=\"ozel-urun-link\" tabindex=\"-1\" style=\"pointer-events:none;\">\n      <img decoding=\"async\" src=\"https:\/\/bisaselektrik.com\/wp-content\/uploads\/2025\/08\/Epoxy-boru.png\" alt=\"Epoksi Boru\" class=\"ozel-urun-gorsel\" \/>\n    <\/a>\n    <div class=\"ozel-urun-bilgi\">\n      <h3 class=\"ozel-urun-baslik\">Epoksi Boru<\/h3>\n      <p class=\"ozel-urun-aciklama\">\n        Cam elyaf takviyeli epoksi re\u00e7ine ile \u00fcretilmi\u015f, y\u00fcksek s\u0131cakl\u0131k (150 \u00b0C \u00fczeri) ve voltaj dayan\u0131m\u0131 sunan, elektriksel yal\u0131t\u0131mda \u00fcst\u00fcn performans sa\u011flayan end\u00fcstriyel borudur. Buraya ek olarak uzun a\u00e7\u0131klama metni koyabilirsin, kart otomatik a\u00e7\u0131k \u015fekilde g\u00f6sterilir.\n      <\/p>\n    <\/div>\n    <div class=\"ozel-buton-container\">\n      <a href=\"https:\/\/bisaselektrik.com\/index.php\/epoxy-boru-2\/\" class=\"ozel-detay-buton\" target=\"_blank\" rel=\"noopener noreferrer\" onclick=\"event.stopPropagation()\">Detaylar\u0131 G\u00f6r<\/a>\n    <\/div>\n  <\/div>\n<\/div>\n\n<style>\n.ozel-bisas-container {\n  display: flex;\n  justify-content: center;\n  padding: 0;\n}\n\n.ozel-bisas-kart {\n  width: 300px;\n  border: 1px solid #ddd;\n  border-radius: 8px;\n  overflow: hidden;\n  font-family: Arial, sans-serif;\n  margin: 10px 0;\n  box-shadow: 0 0 8px rgba(0,0,0,0.05);\n  display: flex;\n  flex-direction: column;\n  justify-content: space-between;\n  min-height: 470px;\n  transition: transform 0.3s ease, box-shadow 0.3s ease;\n  background: #fff;\n  cursor: pointer;\n}\n\n.ozel-bisas-kart:hover {\n  transform: scale(1.03);\n  box-shadow: 0 4px 12px rgba(0,0,0,0.1);\n}\n\n.ozel-urun-link {\n  display: flex;\n  flex-direction: column;\n  padding: 10px;\n  background: #fff;\n  border-radius: 8px 8px 0 0;\n  border: 1px solid #ddd;\n}\n\n.ozel-urun-gorsel {\n  width: 100%;\n  height: 180px;\n  object-fit: contain;\n  background: #fff;\n}\n\n.ozel-urun-bilgi {\n  padding: 10px 15px;\n  flex-grow: 1;\n}\n\n.ozel-urun-baslik {\n  font-size: 16px;\n  margin: 0 0 8px;\n  color: #000;\n}\n\n.ozel-urun-aciklama {\n  font-size: 14px;\n  margin: 0;\n  color: #444;\n  height: auto;\n  overflow: visible;\n}\n\n.ozel-buton-container {\n  padding: 15px;\n  text-align: center;\n}\n\n.ozel-detay-buton {\n  display: inline-block;\n  padding: 8px 14px;\n  border: 2px solid #b41c1c;\n  color: #b41c1c;\n  font-size: 13px;\n  border-radius: 4px;\n  transition: background 0.3s ease, color 0.3s ease;\n  text-decoration: none !important;\n}\n\n.ozel-detay-buton:hover {\n  background: #b41c1c;\n  color: #fff;\n}\n\n@media (max-width: 480px) {\n  .ozel-bisas-kart {\n    max-width: 90%;\n    height: auto;\n  }\n}\n<\/style>\n<\/div>\n\n\n\n<div class=\"wp-block-column is-layout-flow wp-block-column-is-layout-flow\">\n<div class=\"kart-container\">\n  <a href=\"https:\/\/bisaselektrik.com\/index.php\/mika-boru-2\/\" class=\"urun-link-wrapper\">\n    <div class=\"bisas-urun-karti\">\n      <img decoding=\"async\" src=\"https:\/\/bisaselektrik.com\/wp-content\/uploads\/2025\/08\/Mika-Boru.png\" alt=\"Mika Boru\" class=\"urun-gorsel\" \/>\n      <div class=\"urun-bilgi\">\n        <h3 class=\"urun-baslik\">Mika Boru<\/h3>\n        <p class=\"urun-aciklama\">\n          Muskovit ve silikon re\u00e7inesiyle \u00fcretilmi\u015f, 500 \u00b0C\u2019ye kadar y\u00fcksek \u0131s\u0131ya dayan\u0131kl\u0131, elektriksel izolasyon ve mekanik mukavemet sunan end\u00fcstriyel uygulamalar i\u00e7in \u00f6zel borudur. Burada a\u00e7\u0131klaman\u0131n devam\u0131 da olabilir, buras\u0131 tamamen a\u00e7\u0131k ve s\u0131n\u0131rs\u0131z sat\u0131r.\n        <\/p>\n      <\/div>\n      <div class=\"buton-container\">\n        <span class=\"detay-buton\">Detaylar\u0131 G\u00f6r<\/span>\n      <\/div>\n    <\/div>\n  <\/a>\n<\/div>\n\n<style>\n.kart-container {\n  display: flex;\n  justify-content: center;\n  padding: 0px;\nmargin-top:20px;\n}\n\n.bisas-urun-karti {\n  width: 100%;\n  max-width: 300px;\n  border: 1px solid #ddd;\n  border-radius: 8px;\n  overflow: hidden;\n  font-family: Arial, sans-serif;\n  box-shadow: 0 0 8px rgba(0,0,0,0.05);\n  display: flex;\n  flex-direction: column;\n  justify-content: space-between;\n  cursor: pointer;\n  background-color: #fff;\n  min-height: 470px !important;\nheight:auto;\n  transition: transform 0.3s ease, box-shadow 0.3s ease;\n}\n.bisas-urun-karti:hover {\n  transform: scale(1.05);\n  box-shadow: 0 4px 12px rgba(0, 0, 0, 0.1);\n  z-index: 10; \/* \u00dcstte kalmas\u0131 i\u00e7in *\/\n}\n\n.urun-link{\n display: flex;\n  flex-direction: column;\n  padding: 10px;\n  background: #fff;\n  border-radius: 8px 8px 0 0;\n  border: 1px solid #ddd;\n}\n\n.urun-gorsel {\n  width: 100%;\n  height: 180px;\n  object-fit: contain;\n}\n\n.urun-bilgi {\n  padding: 10px 15px;\n  flex-grow: 1;\n}\n\n.urun-baslik {\n  text-decoration: underline;\n  text-decoration-color: black;\n  font-size: 16px;\n  margin: 0 0 8px;\n  color: #000;\n  transition: text-decoration-color 0.3s ease;\n}\n\n.bisas-urun-karti:hover .ozel-urun-baslik {\n  text-decoration-color: #b41c1c;\n}\n\n.urun-aciklama {\n  font-size: 14px;\n  color: #444;\n  transition: all 0.4s ease;\n  display: -webkit-box;\n  -webkit-line-clamp: 5;\n  -webkit-box-orient: vertical;\n  overflow: hidden;\n  cursor: default;\n  text-decoration: underline;\n  text-decoration-color: black;\n}\n\n.buton-container {\n  padding: 8px 15px 15px;\n  text-align: center;\n}\n\n.detay-buton {\n  display: inline-block;\n  padding: 8px 14px;\n  border: 2px solid #b41c1c;\n  color: #b41c1c;\n  font-size: 13px;\n  border-radius: 4px;\n  transition: 0.3s;\n  text-decoration: none !important;\n}\n\n.detay-buton:hover {\n  background-color: #b41c1c;\n  color: #fff;\n}\n<\/style>\n<\/div>\n<\/div>\n\n\n\n<div class=\"wp-block-columns is-layout-flex wp-container-core-columns-is-layout-9d6595d7 wp-block-columns-is-layout-flex\">\n<div class=\"wp-block-column is-layout-flow wp-block-column-is-layout-flow\">\n<div class=\"ozel-bisas-container\">\n  <div class=\"ozel-bisas-kart\" onclick=\"kartTikla('\/index.php\/epoxy-levha-3\/')\">\n    <a href=\"\/index.php\/epoxy-levha-3\/\" class=\"ozel-urun-link\" tabindex=\"-1\" style=\"pointer-events:none;\">\n      <img decoding=\"async\" src=\"https:\/\/bisaselektrik.com\/wp-content\/uploads\/2025\/08\/Epoxy-Levha.png\" alt=\"Epoxy Levha\" class=\"ozel-urun-gorsel\" \/>\n    <\/a>\n    <div class=\"ozel-urun-bilgi\">\n      <h3 class=\"ozel-urun-baslik\">Epoxy Levha<\/h3>\n      <p class=\"ozel-urun-aciklama\">\n        Epoksi re\u00e7ine esasl\u0131 cam elyaf\u0131n\u0131n kullan\u0131ld\u0131\u011f\u0131 bu \u00e7ubuk ve levhalar y\u00fcksek mekanik g\u00fc\u00e7tedir, nemden etkilenme ve da\u011f\u0131lma d\u00fczeyi d\u00fc\u015f\u00fckt\u00fcr. Elektriksel yal\u0131tkanl\u0131k a\u00e7\u0131s\u0131ndan son derece m\u00fckemmeldir, ayr\u0131ca olduk\u00e7a geni\u015f s\u0131cakl\u0131k aral\u0131\u011f\u0131na dayan\u0131kl\u0131d\u0131r. Epoksi esasl\u0131 \u00e7ubuk ve levhalar\u0131n baz\u0131 \u00e7e\u015fitleri a\u00e7\u0131k aleve de dayan\u0131kl\u0131 olup, 150\u00b0C\u2019de bile esnekli\u011fini ve elektriksel \u00f6zelliklerini kaybetmez.\n      <\/p>\n      <button class=\"ozel-devamini-gor\" type=\"button\" onclick=\"devaminiGoster(event, this)\">Devam\u0131n\u0131 Oku<\/button>\n    <\/div>\n    <div class=\"ozel-buton-container\">\n      <a href=\"\/index.php\/epoxy-levha-3\/\" class=\"ozel-detay-buton\" target=\"_blank\" rel=\"noopener noreferrer\" onclick=\"event.stopPropagation()\">Detaylar\u0131 G\u00f6r<\/a>\n    <\/div>\n  <\/div>\n<\/div>\n<style>\n.ozel-bisas-container {\n  display: flex;\n  justify-content: center;\n  padding: 0px;\nmargin-top:20px;\n}\n\n.ozel-bisas-kart {\n  width: 100%;\n  max-width: 300px;\n  border: 1px solid #ddd;\n  border-radius: 8px;\n  overflow: hidden;\n  font-family: Arial, sans-serif;\n  box-shadow: 0 0 8px rgba(0,0,0,0.05);\n  display: flex;\n  flex-direction: column;\n  justify-content: space-between;\n  cursor: pointer;\n  background-color: #fff;\n  min-height: 470px !important;\nheight:auto;\n  transition: transform 0.3s ease, box-shadow 0.3s ease;\n}\n.ozel-bisas-kart:hover {\n  transform: scale(1.05);\n  box-shadow: 0 4px 12px rgba(0, 0, 0, 0.1);\n  z-index: 10; \/* \u00dcstte kalmas\u0131 i\u00e7in *\/\n}\n\n.ozel-urun-link {\n  display: block;\n  padding: 10px;\n  border-bottom: 1px solid #ddd;\n}\n\n.ozel-urun-gorsel {\n  width: 100%;\n  height: 180px;\n  object-fit: contain;\n}\n\n.ozel-urun-bilgi {\n  padding: 10px 15px;\n  flex-grow: 1;\n}\n\n.ozel-urun-baslik {\n  text-decoration: underline;\n  text-decoration-color: black;\n  font-size: 16px;\n  margin: 0 0 8px;\n  color: #000;\n  transition: text-decoration-color 0.3s ease;\n}\n\n.ozel-bisas-kart:hover .ozel-urun-baslik {\n  text-decoration-color: #b41c1c;\n}\n\n.ozel-urun-aciklama {\n  font-size: 14px;\n  color: #444;\n  transition: all 0.4s ease;\n  display: -webkit-box;\n  -webkit-line-clamp: 5;\n  -webkit-box-orient: vertical;\n  overflow: hidden;\n  cursor: default;\n  text-decoration: underline;\n  text-decoration-color: black;\n}\n\n.ozel-urun-aciklama.acik {\n  -webkit-line-clamp: unset;\n  overflow: visible;\n  display: block;\n}\n\n.ozel-devamini-gor {\n  background: transparent;\n  border: none;\n  color: #b41c1c;\n  font-size: 14px;\n  font-weight: 600;\n  cursor: pointer;\n  padding: 0;\n  margin-top: 4px;\n  margin-bottom: 4px;\n}\n\n.ozel-devamini-gor:hover {\n  text-decoration: underline;\n}\n\n.ozel-buton-container {\n  padding: 8px 15px 15px;\n  text-align: center;\n}\n\n.ozel-detay-buton {\n  display: inline-block;\n  padding: 8px 14px;\n  border: 2px solid #b41c1c;\n  color: #b41c1c;\n  font-size: 13px;\n  border-radius: 4px;\n  transition: 0.3s;\n  text-decoration: none !important;\n}\n\n.ozel-detay-buton:hover {\n  background-color: #b41c1c;\n  color: #fff;\n}\n<\/style>\n\n<script>\nfunction kartTikla(url) {\n  window.location.href = url;\n}\n\nfunction devaminiGoster(e, btn) {\n  e.stopPropagation(); \/\/ Kart\u0131n y\u00f6nlenmesini engelle\n\n  const aciklama = btn.closest('.ozel-bisas-kart').querySelector('.ozel-urun-aciklama');\n  const isOpen = aciklama.classList.contains('acik');\n\n  if (isOpen) {\n    aciklama.classList.remove('acik');\n    btn.textContent = 'Devam\u0131n\u0131 Oku';\n  } else {\n    aciklama.classList.add('acik');\n    btn.textContent = 'Kapat';\n  }\n}\n<\/script>\n<\/div>\n\n\n\n<div class=\"wp-block-column is-layout-flow wp-block-column-is-layout-flow\">\n<div class=\"kart-container\">\n  <div class=\"bisas-urun-karti\" onclick=\"window.location.href='\/index.php\/pertanax-2\/'\" style=\"cursor:pointer;\">\n    <a href=\"\/index.php\/pertanax-2\/\" class=\"urun-link\" tabindex=\"-1\" style=\"pointer-events:none;\">\n      <img decoding=\"async\" src=\"\/wp-content\/uploads\/2025\/08\/Pertanax.png\" alt=\"Pertanax\" class=\"urun-gorsel\" \/>\n    <\/a>\n    <div class=\"urun-bilgi\">\n      <h3 class=\"urun-baslik\">Pertanax<\/h3>\n      <p class=\"urun-aciklama\" id=\"aciklamaPertanax\" style=\"\n        display: block;\n        overflow: visible;\n        -webkit-line-clamp: unset;\n        max-height: none;\n        text-overflow: unset;\n      \">\n        Y\u00fcksek mekanik mukavemet, elektriksel izolasyon ve \u0131s\u0131ya dayan\u0131kl\u0131l\u0131k sunan, cam elyaf takviyeli epoksi re\u00e7ine ile \u00fcretilmi\u015f end\u00fcstriyel levhad\u0131r. \u00d6zellikle elektrikli ekipmanlarda, y\u00fcksek gerilim uygulamalar\u0131nda g\u00fcvenle kullan\u0131l\u0131r.\n      <\/p>\n    <\/div>\n    <div class=\"buton-container\">\n      <a href=\"\/index.php\/pertanax-2\/\" class=\"detay-buton\" target=\"_blank\" rel=\"noopener noreferrer\" onclick=\"event.stopPropagation()\">Detaylar\u0131 G\u00f6r<\/a>\n    <\/div>\n  <\/div>\n<\/div>\n\n<style>\n.kart-container {\n  display: flex;\n  justify-content: center;\n  padding: 0px;\nmargin-top:20px;\n}\n\n.bisas-urun-karti {\n  width: 100%;\n  max-width: 300px;\n  border: 1px solid #ddd;\n  border-radius: 8px;\n  overflow: hidden;\n  font-family: Arial, sans-serif;\n  box-shadow: 0 0 8px rgba(0,0,0,0.05);\n  display: flex;\n  flex-direction: column;\n  justify-content: space-between;\n  cursor: pointer;\n  background-color: #fff;\n  min-height: 470px !important;\nheight:auto;\n  transition: transform 0.3s ease, box-shadow 0.3s ease;\n}\n.bisas-urun-karti:hover {\n  transform: scale(1.05);\n  box-shadow: 0 4px 12px rgba(0, 0, 0, 0.1);\n  z-index: 10; \/* \u00dcstte kalmas\u0131 i\u00e7in *\/\n}\n\n.urun-link {\n  display: block;\n  padding: 10px;\n  border-bottom: 1px solid #ddd;\n}\n\n.urun-gorsel {\n  width: 100%;\n  height: 180px;\n  object-fit: contain;\n}\n\n.urun-bilgi {\n  padding: 10px 15px;\n  flex-grow: 1;\n}\n\n.urun-baslik {\n  text-decoration: underline;\n  text-decoration-color: black;\n  font-size: 16px;\n  margin: 0 0 8px;\n  color: #000;\n  transition: text-decoration-color 0.3s ease;\n}\n\n.bisas-urun-karti:hover .ozel-urun-baslik {\n  text-decoration-color: #b41c1c;\n}\n\n.urun-aciklama {\n  font-size: 14px;\n  color: #444;\n  transition: all 0.4s ease;\n  display: -webkit-box;\n  -webkit-line-clamp: 5;\n  -webkit-box-orient: vertical;\n  overflow: hidden;\n  cursor: default;\n  text-decoration: underline;\n  text-decoration-color: black;\n}\n\n.buton-container {\n  padding: 8px 15px 15px;\n  text-align: center;\n}\n\n.detay-buton {\n  display: inline-block;\n  padding: 8px 14px;\n  border: 2px solid #b41c1c;\n  color: #b41c1c;\n  font-size: 13px;\n  border-radius: 4px;\n  transition: 0.3s;\n  text-decoration: none !important;\n}\n\n.detay-buton:hover {\n  background-color: #b41c1c;\n  color: #fff;\n}\n<\/style>\n<\/div>\n<\/div>\n\n\n\n<div class=\"wp-block-columns is-layout-flex wp-container-core-columns-is-layout-9d6595d7 wp-block-columns-is-layout-flex\">\n<div class=\"wp-block-column is-layout-flow wp-block-column-is-layout-flow\">\n<div class=\"kart-container\">\n  <a href=\"https:\/\/bisaselektrik.com\/index.php\/mika-levha-2\/\" class=\"urun-link-wrapper\" target=\"_blank\" rel=\"noopener noreferrer\">\n    <div class=\"bisas-urun-karti\" style=\"cursor: pointer;\">\n      <img decoding=\"async\" src=\"https:\/\/bisaselektrik.com\/wp-content\/uploads\/2025\/08\/Mika-Levha.png\" alt=\"Mika Levha\" class=\"urun-gorsel\" \/>\n      <div class=\"urun-bilgi\">\n        <h3 class=\"urun-baslik\">Mika Levha<\/h3>\n        <p class=\"urun-aciklama\" id=\"aciklamaMika\" style=\"\n          display: block;\n          overflow: visible;\n          height: auto;\n          margin: 0;\n          color: #444;\n          text-decoration: underline;\n          text-decoration-color: black;\n          cursor: default;\n          transition: all 0.4s ease;\n        \">\n          Muskovit ve silikon re\u00e7inesiyle \u00fcretilen bu levhalar, 500\u202f\u00b0C&#8217;ye kadar y\u00fcksek \u0131s\u0131ya dayan\u0131kl\u0131d\u0131r. Elektriksel izolasyon ve mekanik mukavemet sunar. 0.20-10 mm aras\u0131 t\u00fcm kal\u0131nl\u0131klar 1000&#215;1200 mm ebatlar\u0131nda mevcuttur.\n        <\/p>\n      <\/div>\n      <div class=\"buton-container\">\n        <span class=\"detay-buton\">Detaylar\u0131 G\u00f6r<\/span>\n      <\/div>\n    <\/div>\n  <\/a>\n<\/div>\n\n<style>\n.kart-container {\n  display: flex;\n  justify-content: center;\n  padding: 0px;\nmargin-top:20px;\n}\n\n.bisas-urun-karti {\n  width: 100%;\n  max-width: 300px;\n  border: 1px solid #ddd;\n  border-radius: 8px;\n  overflow: hidden;\n  font-family: Arial, sans-serif;\n  box-shadow: 0 0 8px rgba(0,0,0,0.05);\n  display: flex;\n  flex-direction: column;\n  justify-content: space-between;\n  cursor: pointer;\n  background-color: #fff;\n  min-height: 470px !important;\nheight:auto;\n  transition: transform 0.3s ease, box-shadow 0.3s ease;\n}\n.bisas-urun-karti:hover {\n  transform: scale(1.05);\n  box-shadow: 0 4px 12px rgba(0, 0, 0, 0.1);\n  z-index: 10; \/* \u00dcstte kalmas\u0131 i\u00e7in *\/\n}\n\n.urun-link {\n  display: block;\n  padding: 10px;\n  border-bottom: 1px solid #ddd;\n}\n\n.urun-gorsel {\n  width: 100%;\n  height: 180px;\n  object-fit: contain;\n}\n\n.urun-bilgi {\n  padding: 10px 15px;\n  flex-grow: 1;\n}\n\n.urun-baslik {\n  text-decoration: underline;\n  text-decoration-color: black;\n  font-size: 16px;\n  margin: 0 0 8px;\n  color: #000;\n  transition: text-decoration-color 0.3s ease;\n}\n\n.bisas-urun-karti:hover .ozel-urun-baslik {\n  text-decoration-color: #b41c1c;\n}\n\n.urun-aciklama {\n  font-size: 14px;\n  color: #444;\n  transition: all 0.4s ease;\n  display: -webkit-box;\n  -webkit-line-clamp: 5;\n  -webkit-box-orient: vertical;\n  overflow: hidden;\n  cursor: default;\n  text-decoration: underline;\n  text-decoration-color: black;\n}\n\n.buton-container {\n  padding: 8px 15px 15px;\n  text-align: center;\n}\n\n.detay-buton {\n  display: inline-block;\n  padding: 8px 14px;\n  border: 2px solid #b41c1c;\n  color: #b41c1c;\n  font-size: 13px;\n  border-radius: 4px;\n  transition: 0.3s;\n  text-decoration: none !important;\n}\n\n.detay-buton:hover {\n  background-color: #b41c1c;\n  color: #fff;\n}\n<\/style>\n<\/div>\n\n\n\n<div class=\"wp-block-column is-layout-flow wp-block-column-is-layout-flow\">\n<div class=\"kart-container\">\n  <div class=\"bisas-urun-karti\" onclick=\"window.location.href='https:\/\/bisaselektrik.com\/index.php\/yumusak-mika-2\/'\">\n    <a href=\"https:\/\/bisaselektrik.com\/index.php\/yumusak-mika-2\/\" class=\"urun-link\" tabindex=\"-1\" style=\"pointer-events:none;\">\n      <img decoding=\"async\" src=\"https:\/\/bisaselektrik.com\/wp-content\/uploads\/2025\/08\/yumusak-mika.png\" alt=\"Yumu\u015fak Mika\" class=\"urun-gorsel\">\n      <div class=\"urun-bilgi\">\n        <h3 class=\"urun-baslik\">Yumu\u015fak Mika<\/h3>\n        <p class=\"urun-aciklama\">\n          Yumu\u015fak mika, ince mika tabakalar\u0131n\u0131n yap\u0131\u015ft\u0131r\u0131c\u0131 ile birle\u015ftirilerek elde edilen esnek ve hafif bir yal\u0131t\u0131m malzemesidir. Y\u00fcksek s\u0131cakl\u0131k dayan\u0131m\u0131 ve elektriksel izolasyon \u00f6zellikleri sayesinde, \u00f6zellikle elektrik motorlar\u0131 ve jenerat\u00f6rlerde d\u00f6n\u00fc\u015ften d\u00f6n\u00fc\u015fe yal\u0131t\u0131m uygulamalar\u0131nda tercih edilir. Ayr\u0131ca, motor yuvas\u0131 yal\u0131t\u0131m\u0131 gibi uygulamalarda da kullan\u0131l\u0131r.\n        <\/p>\n      <\/div>\n    <\/a>\n    <div class=\"buton-container\">\n      <span class=\"detay-buton\">Detaylar\u0131 G\u00f6r<\/span>\n    <\/div>\n  <\/div>\n<\/div>\n\n<style>\n.kart-container {\n  display: flex;\n  justify-content: center;\n  padding: 0px;\nmargin-top:20px;\n}\n\n.bisas-urun-karti {\n  width: 100%;\n  max-width: 300px;\n  border: 1px solid #ddd;\n  border-radius: 8px;\n  overflow: hidden;\n  font-family: Arial, sans-serif;\n  box-shadow: 0 0 8px rgba(0,0,0,0.05);\n  display: flex;\n  flex-direction: column;\n  justify-content: space-between;\n  cursor: pointer;\n  background-color: #fff;\n  min-height: 470px !important;\nheight:auto;\n  transition: transform 0.3s ease, box-shadow 0.3s ease;\n}\n.bisas-urun-karti:hover {\n  transform: scale(1.05);\n  box-shadow: 0 4px 12px rgba(0, 0, 0, 0.1);\n  z-index: 10; \/* \u00dcstte kalmas\u0131 i\u00e7in *\/\n}\n\n.urun-link {\n  display: block;\n  padding: 10px;\n  border-bottom:none;\n}\n\n.urun-gorsel {\n  width: 100%;\n  height: 180px;\n  object-fit: contain;\n}\n\n.urun-bilgi {\n  padding: 10px 15px;\n  flex-grow: 1;\n}\n\n.urun-baslik {\n  text-decoration: underline;\n  text-decoration-color: black;\n  font-size: 16px;\n  margin: 0 0 8px;\n  color: #000;\n  transition: text-decoration-color 0.3s ease;\n}\n\n.bisas-urun-karti:hover .ozel-urun-baslik {\n  text-decoration-color: #b41c1c;\n}\n\n.urun-aciklama {\n  font-size: 14px;\n  color: #444;\n  transition: all 0.4s ease;\n  display: -webkit-box;\n  -webkit-line-clamp: 5;\n  -webkit-box-orient: vertical;\n  overflow: hidden;\n  cursor: default;\n  text-decoration: underline;\n  text-decoration-color: black;\n}\n\n.buton-container {\n  padding: 8px 15px 15px;\n  text-align: center;\n}\n\n.detay-buton {\n  display: inline-block;\n  padding: 8px 14px;\n  border: 2px solid #b41c1c;\n  color: #b41c1c;\n  font-size: 13px;\n  border-radius: 4px;\n  transition: 0.3s;\n  text-decoration: none !important;\n}\n\n.detay-buton:hover {\n  background-color: #b41c1c;\n  color: #fff;\n}\n<\/style>\n<\/div>\n<\/div>\n\n\n\n<p><\/p>\n","protected":false},"excerpt":{"rendered":"<p>Epoksi Boru Cam elyaf takviyeli epoksi re\u00e7ine ile \u00fcretilmi\u015f, y\u00fcksek s\u0131cakl\u0131k (150 \u00b0C \u00fczeri) ve voltaj dayan\u0131m\u0131 sunan, elektriksel yal\u0131t\u0131mda \u00fcst\u00fcn performans sa\u011flayan end\u00fcstriyel borudur. Buraya ek olarak uzun a\u00e7\u0131klama metni koyabilirsin, kart otomatik a\u00e7\u0131k \u015fekilde g\u00f6sterilir. Detaylar\u0131 G\u00f6r Mika Boru Muskovit ve silikon re\u00e7inesiyle \u00fcretilmi\u015f, 500 \u00b0C\u2019ye kadar y\u00fcksek \u0131s\u0131ya dayan\u0131kl\u0131, elektriksel izolasyon ve&hellip;<\/p>\n","protected":false},"author":1,"featured_media":0,"parent":0,"menu_order":0,"comment_status":"closed","ping_status":"closed","template":"","meta":{"footnotes":""},"class_list":["post-117","page","type-page","status-publish","hentry"],"_links":{"self":[{"href":"https:\/\/bisaselektrik.com\/index.php\/wp-json\/wp\/v2\/pages\/117","targetHints":{"allow":["GET"]}}],"collection":[{"href":"https:\/\/bisaselektrik.com\/index.php\/wp-json\/wp\/v2\/pages"}],"about":[{"href":"https:\/\/bisaselektrik.com\/index.php\/wp-json\/wp\/v2\/types\/page"}],"author":[{"embeddable":true,"href":"https:\/\/bisaselektrik.com\/index.php\/wp-json\/wp\/v2\/users\/1"}],"replies":[{"embeddable":true,"href":"https:\/\/bisaselektrik.com\/index.php\/wp-json\/wp\/v2\/comments?post=117"}],"version-history":[{"count":385,"href":"https:\/\/bisaselektrik.com\/index.php\/wp-json\/wp\/v2\/pages\/117\/revisions"}],"predecessor-version":[{"id":1962,"href":"https:\/\/bisaselektrik.com\/index.php\/wp-json\/wp\/v2\/pages\/117\/revisions\/1962"}],"wp:attachment":[{"href":"https:\/\/bisaselektrik.com\/index.php\/wp-json\/wp\/v2\/media?parent=117"}],"curies":[{"name":"wp","href":"https:\/\/api.w.org\/{rel}","templated":true}]}}